t is -2 - e37bdd?
-e37be0
In base 15, what is -65 - -1a84bc?
1a8457
In base 3, what is 21020022221 - 200?
21020022021
In base 14, what is -233026 + 5?
-233021
In base 9, what is 8663 + 373?
10146
In base 9, what is 0 + -48503605?
-48503605
In base 3, what is -12210012021212102 - -10?
-12210012021212022
In base 16, what is 4 - 1d0976?
-1d0972
In base 11, what is -1977200 - -1?
-19771aa
In base 11, what is -51 + 78a904?
78a863
In base 5, what is -31222422143 - -203?
-31222421440
In base 13, what is -3720 + -2a25?
-6445
In base 5, what is 24103413 - -13?
24103431
In base 5, what is -11003 + 114001?
102443
In base 5, what is -231001121 - 1000?
-231002121
In base 9, what is 335708 + 34?
335743
In base 7, what is 360145 + -601?
356244
In base 4, what is -22313 + -123111?
-212030
In base 8, what is -3341766 - 30?
-3342016
In base 3, what is 110212011 + -10102202?
100102102
In base 3, what is 0 - -2001001221220?
2001001221220
In base 10, what is 15 - -615086?
615101
In base 10, what is -5198 + -504?
-5702
In base 15, what is a + -591b12?
-591b07
In base 10, what is -8550253 + 3?
-8550250
In base 14, what is -9d02 + -46c6?
-105c8
In base 14, what is -4b + 61b1c4?
61b177
In base 3, what is 12 + 2222222102220?
2222222110002
In base 4, what is -23033 - 101001133?
-101030232
In base 16, what is -189c2 - d?
-189cf
In base 8, what is -223766 - 3636?
-227624
In base 3, what is 1020002011010221 + -2?
1020002011010212
In base 11, what is -50 + 2209?
2169
In base 10, what is 4054 + 187?
4241
In base 2, what is -10 - 10001001110011011110001100?
-10001001110011011110001110
In base 16, what is -f + 1c905?
1c8f6
In base 2, what is -1000101110100010101011111 + 101110?
-1000101110100010100110001
In base 7, what is -100215 - 4655?
-105203
In base 9, what is 1177 - -54480?
55667
In base 16, what is -2 - 656eb?
-656ed
In base 15, what is -93de3 + -1a?
-93e0d
In base 4, what is -123322 + 2100110?
1310122
In base 15, what is aaa9 - -4394?
ee4d
In base 15, what is 1592c - -371?
15c9d
In base 15, what is 0 - 35484ea?
-35484ea
In base 11, what is -3 + -9096a1?
-9096a4
In base 4, what is 3131 - -11222300?
11232031
In base 13, what is -3906ccb - 8?
-3907006
In base 15, what is 4 + 4d76cd?
4d76d2
In base 9, what is -4 - -6115470?
6115465
In base 15, what is -5 - -117530c?
1175307
In base 3, what is 1000200111122 + 12?
1000200111211
In base 3, what is 22 - -2021102110011020?
2021102110011112
In base 5, what is -204333431023 + -4?
-204333431032
In base 10, what is 4027921 + -2?
4027919
In base 14, what is -3 + db14c?
db149
In base 5, what is 140131 - -3024?
143210
In base 6, what is 2315232 + -143?
2315045
In base 6, what is -4 + -33254432?
-33254440
In base 2, what is -11111101 - 110001111001110010?
-110001111101101111
In base 16, what is 25c1e + 32?
25c50
In base 14, what is 43cd + -27d?
4150
In base 6, what is -52 - 5054002?
-5054054
In base 6, what is 2204 + -54452240?
-54450032
In base 11, what is -11a173 - 52?
-11a215
In base 16, what is 168d2c - 1?
168d2b
In base 9, what is -10765 - 42734?
-53610
In base 2, what is -1001110011111 + 11001110100010?
10000000000011
In base 10, what is -34842 + 101?
-34741
In base 14, what is 59768b + 124?
5977b1
In base 7, what is 13406 + -114?
13262
In base 6, what is -31 - 2151252?
-2151323
In base 5, what is -12 + -122333231?
-122333243
In base 8, what is -5 - -73013763?
73013756
In base 7, what is 1410302 - 35?
1410234
In base 2, what is -10 + -11100000001110100110001?
-11100000001110100110011
In base 2, what is 11111111000001101001010 - 0?
11111111000001101001010
In base 3, what is 2120121201221 + 111?
2120121202102
In base 2, what is 110010011000111101100001000 + 101?
110010011000111101100001101
In base 5, what is 2110 + 23244330?
23301440
In base 11, what is 6aa3562 + 2?
6aa3564
In base 11, what is 86 - 725a8?
-72522
In base 13, what is -1 - -1cbb28?
1cbb27
In base 5, what is 41 + -4242134422?
-4242134331
In base 8, what is 16704 - -2137?
21043
In base 10, what is 174 + 16904?
17078
In base 15, what is 6 + 2b4465?
2b446b
In base 4, what is -20023130 + -23323?
-20113113
In base 7, what is -100 - -15241203?
15241103
In base 10, what is -100759 - 1895?
-102654
In base 13, what is -11062a0 - -c?
-1106291
In base 11, what is 4 - 58668a5?
-58668a1
In base 3, what is 1021011000122101011 - 10?
1021011000122101001
In base 2, what is -111110001001101 + 10010010111001?
-101011110010100
In base 4, what is 1220032 + -123220?
1030212
In base 6, what is 40315400 - -2?
40315402
In base 3, what is 222122202000021 + -10?
222122202000011
In base 3, what is -10 + -2010011222222?
-2010012000002
In base 14, what is 3 + -155748?
-155745
In base 3, what is -100012212122002 - -1012?
-100012212120220
In base 5, what is 1334324013 + -142?
1334323321
In base 7, what is -4 + -540631122?
-540631126
In base 14, what is -1551b + -27b?
-15798
In base 8, what is -4 - -55507011?
55507005
In base 15, what is c3d24 + 15?
c3d39
In base 2, what is -1110101 + -1010111111010010010?
-1010111111100000111
In base 7, what is -3120 - -235551?
232431
In base 12, what is -5 + 68284143?
6828413a
In base 14, what is 2606 + -8716?
-6110
In base 13, what is 9446 - -469?
98b2
In base 9, what is -22128 + -604?
-22733
In base 9, what is 1446 + -134442?
-132885
In base 6, what is -20404 + 4205405?
4145001
In base 3, what is -100121221001020 - -11?
-100121221001002
In base 3, what is 1102020100201120 + -22?
1102020100201021
In base 8, what is 105 - 2212635?
-2212530
In base 11, what is 349 - -4508?
4856
In base 16, what is -93 - a058c?
-a061f
In base 9, what is 401 - 10571?
-10170
In base 11, what is -8 - a028314?
-a028321
In base 6, what is 21353 - -1014223?
1040020
In base 16, what is -d6 - 3a7b1?
-3a887
In base 7, what is 16 - -1340103125?
1340103144
In base 2, what is -1011011100100011011 - 10101001?
-1011011100111000100
In base 15, what is -36d5 - 7a1?
-3e86
In base 12, what is -57 + -a347b?
-a3516
In base 5, what is 10014331 - 314?
10014012
In base 6, what is -12 - -12015342?
12015330
In base 5, what is 11204 + -124043?
-112334
In base 9, what is 28623 - 214?
28408
In base 2, what is -1010011000111000010100 + -10?
-1010011000111000010110
In base 8, what is -1155520 + 1400?
-1154120
In base 14, what is 1c + -3bbad?
-3bb91
In base 14, what is 11d - -a79?
b98
In base 4, what is 1123210111 + -33001?
1123111110
In base 16, what is 1b37e - 2098?
192e6
In base 6, what is -10 + 20135154121?
20135154111
In base 8, what is -2455027757 + 3?
-2455027754
In base 14, what is 198 - -21982c?
2199c6
In base 15, what is 2d01144 + 5?
2d01149
In base 2, what is -110011001000111110 - 1011?
-110011001001001001
In base 5, what is -102304302 - 1324?
-102311131
In base 11, what is 13752 + 3880?
17522
In base 13, what is -561bbc + b?
-561bb1
In base 6, what is -3105551305 - 1?
-3105551310
In base 14, what is -83c838 + 39?
-83c7dd
In base 14, what is 122db - 834?
118a7
In base 16, what is -45ac + 13d1e?
f772
In base 14, what is 3 - -39a1692?
39a1695
In base 11, what is 1 - -5a586?
5a587
In base 2, what is -100000011100110100111100 + 1001010?
-100000011100110011110010
In base 15, what is -56b - 27bad?
-28229
In base 2, what is 11110 - 1111111010110101011?
-1111111010110001101
In base 11, what is -4736262 - 1?
-4736263
In base 7, what is 6536 - -235542?
245411
In base 3, what is 220002210 - -2020122?
222100102
In base 8, what is -71 + 445163?
445072
In base 3, what is -1102002112111 - 210200?
-1102010100011
In base 11, what is -7 + 585085?
585079
In base 5, what is -1324342 - 1201?
-1331043
In base 9, what is -215513 - -12?
-215501
In base 10, what is 114 - -16707?
16821
In base 16, what is -25a2 - 5fe?
-2ba0
In base 7, what is -201451 - -513?
-200635
In base 2, what is -10000101 - 1001011011111010101010?
-1001011011111100101111
In base 16, what is 0 - -4e898dc?
4e898dc
In base 5, what is 1123 + 324032?
330210
In base 2, what is -11100001011100010101 - -111000101?
-11100001010101010000
In base 16, what is -2fc + -17253?
-1754f
In base 11, what is 2 + -1316916?
-1316914
In base 5, what is -120 - -42132403?
42132233
In base 4, what is -21 + 1013233031?
1013233010
In base 4, what is 20330321322 + 2112?
20330330100
In base 3, what is -10021201 + -22010222112?
-22021021020
In base 5, what is 232 + 1114331?
1120113
